 45 = c. Let n = d + -1. List the prime factors of n.
7
Let a = -13 + 47. List the prime factors of a.
2, 17
Let u be (32/24)/((-2)/(-6)). Let q = -7 + u. Let k = q - -5. List the prime factors of k.
2
Suppose -5*w = -10*w + k + 10, 6 = 3*w + 4*k. Suppose w*z - 4*z + 22 = 0. List the prime factors of z.
11
Suppose 0 = 4*p + o - 221, -p + 4*p + 2*o - 162 = 0. Suppose -p = r - 3*r. List the prime factors of r.
2, 7
Let s(n) = -n**2 - 3*n + 4. Let m be s(-3). Suppose -o - m*o = -25. Suppose -7*a + 2*a - 4*l = -22, 10 = -o*l. List the prime factors of a.
2, 3
Suppose 3*n - 4*n = 5*q - 42, -n + 3*q + 18 = 0. Let p = n - 17. What are the prime factors of p?
2, 5
Let z be 0/1 - -3 - -152. Suppose i = -4*i + z. What are the prime factors of i?
31
What are the prime factors of -41*(6/(-12))/((-1)/(-14))?
7, 41
Let a be (-3 + 0)/(14/(-28)). List the prime factors of (16/a)/((-22)/(-231)).
2, 7
Suppose 0 = 4*r - 0*p - p - 53, 4*r = -2*p + 50. Suppose 2*y + u + r = 0, 2*u + 6 = -0*y + y. What are the prime factors of (-6)/y*(-4)/(-3)?
2
Let j = 20 - 11. Let f be (-32)/(-18) + 2/j. Suppose 0*g = -f*g + 6. What are the prime factors of g?
3
Let s = 37 - 23. What are the prime factors of (s/(-21))/(1/(-21))?
2, 7
Suppose -5*l + 1010 = 4*f, -l - 213 = -2*l - 3*f. Suppose -4*v + 147 = 3*t, 5*v - l = -t + 2*t. List the prime factors of v.
3, 13
Let a(p) be the first derivative of -4*p**2 - 1/3*p**3 + 13*p - 1. What are the prime factors of a(-9)?
2
Let m = 5 - -43. What are the prime factors of m?
2, 3
Let v = -308 + 543. List the prime factors of v.
5, 47
Let x = -53 + 81. Suppose 0*s + t = -3*s + 21, -4*s + 5*t = -x. List the prime factors of s.
7
Let b(i) = -11*i - 8. Let y(l) = -33*l - 23. Let g(u) = -17*b(u) + 6*y(u). What are the prime factors of g(-1)?
3
Suppose -5*j + 28 = 3*v, 2 = 3*j + v - 14. Suppose -p + 10 = -14. Suppose j*g - p = g. List the prime factors of g.
2, 3
Suppose -2*p - 4*g - g = -10, 4*p = g + 42. List the prime factors of p.
2, 5
Let a = 77 - 36. Let u(x) = -10*x - 9. Let r be u(-5). Suppose -4*k + 2*i + a = -r, -k + i + 23 = 0. What are the prime factors of k?
2, 3
Let q be 0/(1/(2 + -3)). Suppose -13 = -y - q*y. What are the prime factors of y?
13
Let v = -4 - -4. Let z(i) = i - 1 + v + 4. List the prime factors of z(7).
2, 5
Let q(m) = -2*m + 1. Let z be (-1)/(-4) + (-15)/(-4). Let p be q(z). Let v = p + 22. List the prime factors of v.
3, 5
Suppose -3*c - 15 = 3*n, n - 3*c = 15 - 0. Suppose n = -s - 4*s + 115. List the prime factors of s.
23
Let j be (-724)/(-6) - 10/15. Let y = j + -84. List the prime factors of y.
2, 3
Let j = 108 - 58. List the prime factors of j.
2, 5
Let m(k) = 9*k - 75. What are the prime factors of m(10)?
3, 5
Suppose 5*a - 5*c = -10, 0*c + 32 = 4*a + 4*c. Let v = a - -17. List the prime factors of v.
2, 5
Suppose -3*q - 2 = -4*s, -q - 4 = -0*q - 3*s. Suppose q + 2 = 2*n. Suppose -3*m = -2*v + 30 - 1, 0 = 2*v + n*m - 24. What are the prime factors of v?
13
Let l = 54 + -76. Let k = 47 + l. What are the prime factors of k?
5
Let o = -1 + 4. Suppose o*u = -0*u - 12. List the prime factors of (6 + 0)*u/(-3).
2
Suppose -2*c = -2, 0 = 3*i + 2*c - 116 - 12. What are the prime factors of i?
2, 3, 7
Let x(r) = r**2 + 5*r. Suppose 2*h = 7*h + 25. Let d be x(h). Suppose -4*s + 5*q + 12 = -d*q, -3*s = -2*q - 16. List the prime factors of s.
2
List the prime factors of 646/10 - 15/25.
2
Suppose -3*s + 4*q - 15 = q, -3*s - 18 = -4*q. What are the prime factors of (s/3)/((-8)/132)?
11
Let p(m) = 3*m - 3*m**2 + 7*m**2 - 13 + 8 - m**3. List the prime factors of p(4).
7
Let m(u) be the third derivative of -3*u**4/8 + u**3/3 + 2*u**2. What are the prime factors of m(-4)?
2, 19
Let b(j) = j - 9. Let f be b(11). Suppose -4*p = -f*r + 96 - 14, 0 = r + 5*p - 69. Suppose -21 = -5*g + r. List the prime factors of g.
2, 7
Let r(m) = -m**2 - 7*m - 6. Let v be r(-4). Suppose -10 = -v*o + o. What are the prime factors of o?
2
Suppose -q + 108 = 4*u - 2*u, 5*q = -2*u + 108. Suppose 0 = 4*y - u - 6. List the prime factors of y.
3, 5
Suppose 224 = 5*i + g + 3*g, 2*g = -i + 40. List the prime factors of i.
2, 3
Suppose -2*l - 3*l = -2*s + 290, 0 = -3*l - 12. Suppose -4*o - s = -5*a - 2*o, -2*o = 0. List the prime factors of a.
3
Suppose 0 = -3*t + 142 + 146. Suppose 15*a = 11*a + t. What are the prime factors of a?
2, 3
Let k = -8 - -21. Suppose 0 = -4*m - j - k + 66, -4*j - 61 = -5*m. What are the prime factors of m?
13
Let q be (-2)/2*-2 + 10. Let w = 17 - q. Suppose 7*j - w*b + 5 = 4*j, 5*j - 2*b = 17. What are the prime factors of j?
5
Let q = -49 + -8. Let z = -38 - q. List the prime factors of z.
19
Let c be (-1)/(((-6)/21)/(-2)). Let x = -195 - c. List the prime factors of x/(-20) + 4/(-10).
3
Let h = -412 + 604. List the prime factors of h.
2, 3
Let b(f) = -f**2 - 5*f - 3. Let r be b(-5). Let z be -3*(-4 - r)*30. List the prime factors of 5/35 - z/(-7).
13
Let q(b) = 9*b**2 + 6*b + 14. List the prime factors of q(6).
2, 11, 17
Let q(x) = -4*x + 4. List the prime factors of q(-13).
2, 7
Suppose -5*z + v = -43, -2*z + 3*v + 25 = -0*z. Suppose 2*n + 3*n = 105. Let u = n - z. List the prime factors of u.
13
Let m = -24 + 12. Let n = m - -25. What are the prime factors of n?
13
Suppose -4*r - 278 = -62. Let k = 84 + r. What are the prime factors of k?
2, 3, 5
Suppose 66 + 64 = 2*z. List the prime factors of z.
5, 13
Suppose -2*y = 3*n + 3, -n + 5 = -2*n. List the prime factors of 244/y - (-2)/6.
41
Suppose 9*z - 2*j + 6 = 4*z, -5*z - 3*j + 9 = 0. Suppose z = w + w. Suppose s - 2 - 1 = w, -4*s + 6 = -2*c. List the prime factors of c.
3
Let x = -47 + 68. List the prime factors of x.
3, 7
Suppose -2*s + 7 = 1. Suppose 0 = s*p - 130 + 10. Suppose 0 = -3*t + p - 4. What are the prime factors of t?
2, 3
Let v = -2 + -1. Let b = v + 22. List the prime factors of b.
19
List the prime factors of (20/(-15))/(3 + 128/(-42)).
2, 7
List the prime factors of (-21)/28*1048/(-2).
3, 131
Let t(i) = i**2 - 8*i + 4. Let x be t(8). Suppose 2*n + 6 = x. What are the prime factors of 14 + (-4)/n + -3?
3, 5
Suppose 335 = 5*m + 120. Let b(n) = n**3 - 2*n**2 - 3*n + 1. Let c be b(3). Suppose c - m = -3*z. What are the prime factors of z?
2, 7
Let n = 6 - 2. Let q be (62/(-4))/((-2)/n). Suppose -1 + q = 3*x. What are the prime factors of x?
2, 5
Let t(w) = 3*w. Let l be t(6). Suppose -l = -u + g, 4*g = -2*u - 2*u + 104. What are the prime factors of u?
2, 11
Let t be 3 - 150 - (-1 + 2). Let g(w) = w - 6. Let y be g(-6). What are the prime factors of 2/y - t/24?
2, 3
Let h = -399 - -224. What are the prime factors of (-4)/(-18) + h/(-63)?
3
Let w = -6 + 3. Let a be ((-5)/3)/(1/w). Suppose -a*x = 9 - 44. List the prime factors of x.
7
Let z(a) = -3*a - 3. Suppose 0*v - 5*v = 45. What are the prime factors of z(v)?
2, 3
Let h = 11 + -11. Let x = h + 5. Suppose 9 - 34 = -x*v. List the prime factors of v.
5
Let l(w) = -2*w**3 - 3*w**2 + 1. Let y = 0 - 5. Let x be 12/y + 4/10. What are the prime factors of l(x)?
5
Suppose 3*i - 8 = i. Suppose i*s = 5*r + 9, s - 3 = -3*r + 12. Suppose 2*k = 2*y - 12, s*k + 9 = 2*y + 3*k. What are the prime factors of y?
3
Let u = 8 - 3. Suppose 26 = u*s + 1. Suppose -h + 5*b = -17, 0 = -4*h + s*b - 9 + 47. List the prime factors of h.
7
Suppose 3*l + 5*n - 130 = 7*n, 3*l + 2*n - 146 = 0. List the prime factors of l.
2, 23
Suppose 0*t = t + 4. Let w(h) = h + 8. List the prime factors of w(t).
2
Let h = 4 - 3. Let m be h*((1 - -1) + -2). Suppose m = s - 5. What are the prime factors of s?
5
Let h(c) = -c**3 + 6*c**2 + 8*c + 5. Let b be (0 + 2*-1)/(-1). Suppose a + b*a - 21 = 0. What are the prime factors of h(a)?
2, 3
Let i(a) = 10*a - 12 + 0*a**2 - 4*a**2 + 4*a**2 + a**2. Let m be i(-12). Suppose 0*r = r - m. What are the prime factors of r?
2, 3
Let b = -183 + 380. List the prime factors of b.
197
Let u(k) = 88*k + 9. What are the prime factors of u(2)?
5, 37
Suppose -2*l - 28 = -4*j, 3*j + 0*l - 2*l - 23 = 0. Let h(x) = -x**3 + 5*x**2 + 3*x - 3. What are the prime factors of h(j)?
2, 3
Suppose 3*s - 10 = 5. Let j be 1/(-2) + s/2. Let a = j - -3. What are the prime factors of a?
5
Let t = 40 - 20. Let w(o) = 9*o**3 - 2*o - 1. Let c be w(-1). Let j = t + c. What are the prime factors of j?
2, 3
Let r be 1/3 - 4/(-6). Suppose f = 2